he prime factors of 9526972?
2, 7, 13, 3739
What are the prime factors of 1430973430?
2, 5, 257, 556799
What are the prime factors of 46924368?
2, 3, 977591
What are the prime factors of 62155372?
2, 31, 431, 1163
What are the prime factors of 1896094567?
109, 967, 17989
What are the prime factors of 322067485?
5, 53, 1215349
List the prime factors of 1067999833.
283, 3773851
List the prime factors of 254021814.
2, 3, 41, 79, 4357
What are the prime factors of 188813062?
2, 94406531
List the prime factors of 7324502.
2, 71, 51581
What are the prime factors of 4179925988?
2, 7, 449, 47497
List the prime factors of 833001639.
3, 181, 1534073
What are the prime factors of 3371461241?
179, 18834979
List the prime factors of 46607582.
2, 7, 29, 114797
What are the prime factors of 28386405?
3, 5, 127, 4967
What are the prime factors of 2548361727?
3, 17, 31, 733
List the prime factors of 12498217.
29, 631, 683
What are the prime factors of 166007710?
2, 5, 11, 59, 25579
What are the prime factors of 6813540715?
5, 167, 491, 16619
What are the prime factors of 55593684?
2, 3, 37, 41737
List the prime factors of 574750976.
2, 2245121
What are the prime factors of 567941999?
567941999
List the prime factors of 7875242.
2, 3937621
What are the prime factors of 235457140?
2, 5, 17, 692521
List the prime factors of 118658758.
2, 43, 1379753
List the prime factors of 2578630358.
2, 3947, 326657
List the prime factors of 31223556.
2, 3, 7, 13, 353
List the prime factors of 544841520.
2, 3, 5, 2270173
What are the prime factors of 285158621?
11, 25923511
List the prime factors of 103997920.
2, 5, 13, 49999
List the prime factors of 1346754798.
2, 3, 41, 1824871
List the prime factors of 360802146.
2, 3, 1667, 36073
List the prime factors of 490760233.
17, 28868249
What are the prime factors of 74660337?
3, 1789, 4637
What are the prime factors of 821422429?
197, 4169657
What are the prime factors of 201032789?
227, 885607
List the prime factors of 71860660.
2, 5, 19, 37, 269
List the prime factors of 4126303053.
3, 17, 853, 1171
What are the prime factors of 885113547?
3, 15187, 19427
List the prime factors of 117473387.
53, 2216479
What are the prime factors of 21648413?
29, 746497
What are the prime factors of 31782837?
3, 10594279
List the prime factors of 3277835494.
2, 1638917747
What are the prime factors of 8600890?
2, 5, 860089
List the prime factors of 143962980.
2, 3, 5, 7, 23, 2129
What are the prime factors of 10947937?
7, 11, 13, 10937
What are the prime factors of 30290801?
71, 426631
List the prime factors of 37538330.
2, 5, 3753833
List the prime factors of 1141342921.
1141342921
What are the prime factors of 45325872?
2, 3, 239, 439
List the prime factors of 586860609.
3, 2161, 90523
What are the prime factors of 38055619?
7, 223, 24379
What are the prime factors of 358866409?
11, 1117, 29207
List the prime factors of 41741709.
3, 131, 106213
What are the prime factors of 6425998?
2, 541, 5939
List the prime factors of 195015519.
3, 267511
List the prime factors of 11139973.
13, 29, 2273
List the prime factors of 11812528.
2, 7, 13, 19, 61
List the prime factors of 58260446.
2, 79, 368737
List the prime factors of 4541554191.
3, 1513851397
List the prime factors of 92686921.
19, 701, 6959
What are the prime factors of 50210803?
29, 1731407
List the prime factors of 2378302869.
3, 11423, 69401
List the prime factors of 173207416.
2, 31, 698417
List the prime factors of 113942248.
2, 7, 290669
List the prime factors of 52655925.
3, 5, 7, 100297
List the prime factors of 41150429.
41, 863, 1163
List the prime factors of 1398687202.
2, 11, 31, 41, 50021
List the prime factors of 3815454.
2, 3, 635909
List the prime factors of 358064956.
2, 19, 43, 109567
What are the prime factors of 4550580758?
2, 2275290379
List the prime factors of 676214691.
3, 1559, 144583
What are the prime factors of 296077572?
2, 3, 7, 109, 3593
What are the prime factors of 189228735?
3, 5, 41, 102563
List the prime factors of 443010285.
3, 5, 113, 87121
What are the prime factors of 7968924?
2, 3, 41, 5399
What are the prime factors of 239809125?
3, 5, 639491
List the prime factors of 147017227.
7, 21002461
List the prime factors of 3633681009.
3, 7, 433, 399613
What are the prime factors of 172993274?
2, 86496637
What are the prime factors of 2205348100?
2, 5, 23, 47, 887
List the prime factors of 15632302.
2, 7, 1116593
List the prime factors of 42190229.
269, 156841
List the prime factors of 50684163.
3, 31, 181, 3011
List the prime factors of 16177889.
7, 13, 109, 233
What are the prime factors of 936034504?
2, 151, 774863
List the prime factors of 108760620.
2, 3, 5, 1812677
List the prime factors of 7007126176.
2, 218972693
List the prime factors of 302731574.
2, 1117, 135511
What are the prime factors of 1867152728?
2, 7, 83, 401711
What are the prime factors of 69903338?
2, 34951669
List the prime factors of 156086480.
2, 5, 11, 83, 2137
List the prime factors of 13717631.
13717631
What are the prime factors of 81264939?
3, 7, 3869759
List the prime factors of 111690143.
101, 199, 5557
List the prime factors of 387370518.
2, 3, 19, 59, 57593
What are the prime factors of 155954472?
2, 3, 6498103
List the prime factors of 3085632193.
7, 440804599
What are the prime factors of 117732945?
3, 5, 11, 713533
List the prime factors of 221216865.
3, 5, 317, 46523
List the prime factors of 2820380933.
61, 46235753
What are the prime factors of 7539495749?
23, 327804163
What are the prime factors of 39376892?
2, 19, 41, 12637
What are the prime factors of 847920599?
23, 36866113
What are the prime factors of 423191507?
20261, 20887
What are the prime factors of 1376181890?
2, 5, 43, 3200423
What are the prime factors of 86097692?
2, 21524423
What are the prime factors of 3485341479?
3, 17, 43, 1589303
List the prime factors of 7652514598.
2, 23, 166359013
List the prime factors of 4501503119.
41, 137, 801407
What are the prime factors of 5745460326?
2, 3, 89, 10759289
What are the prime factors of 740355433?
740355433
List the prime factors of 142800414.
2, 3, 59, 403391
List the prime factors of 155868187.
157, 257, 3863
List the prime factors of 729925103.
167, 4370809
List the prime factors of 57275367.
3, 19, 139, 7229
List the prime factors of 1528955163.
3, 17, 211, 15787
What are the prime factors of 2774788281?
3, 308309809
List the prime factors of 32103935.
5, 6420787
What are the prime factors of 119074896?
2, 3, 211, 3919
What are the prime factors of 1207771953?
3, 17, 2131, 11113
List the prime factors of 404380437.
3, 29, 37, 269, 467
List the prime factors of 515822461.
7, 11, 956999
What are the prime factors of 309841687?
309841687
List the prime factors of 22700671.
7, 47, 9857
List the prime factors of 10057146.
2, 3, 11, 152381
List the prime factors of 587413444.
2, 17, 29, 139, 2143
What are the prime factors of 156063781?
4999, 31219
List the prime factors of 740912859.
3, 2137, 12841
What are the prime factors of 2135869661?
2963, 720847
What are the prime factors of 64091338?
2, 103, 311123
List the prime factors of 72246802.
2, 31, 47, 24793
What are the prime factors of 96278805?
3, 5, 7, 23, 97, 137
List the prime factors of 765156123.
3, 61, 191, 7297
What are the prime factors of 3507772573?
23, 47, 683, 4751
What are the prime factors of 7263097?
17, 427241
What are the prime factors of 394502021?
394502021
List the prime factors of 6063127231.
7, 17, 53, 193, 293
List the prime factors of 17925844.
2, 4481461
What are the prime factors of 153054903?
3, 23, 37, 59951
List the prime factors of 110678602.
2, 17, 733, 4441
What are the prime factors of 933123832?
2, 61, 1912139
List the prime factors of 72688329.
3, 7, 83, 13901
What are the prime factors of 127891098?
2, 3, 7105061
What are the prime factors of 39286318?
2, 61, 5279
List the prime factors of 4630173547.
31, 1033, 144589
List the prime factors of 6260987870.
2, 5, 103, 6078629
List the prime factors of 48049379.
7, 157, 43721
List the prime factors of 2331444.
2, 3, 37, 59, 89
What are the prime factors of 145831185?
3, 5, 17, 59, 359
List the prime factors of 122259921.
3, 7, 61, 95441
What are the prime factors of 1845747706?
2, 11, 1277, 65699
List the prime factors 